9, -r - j + 8 = 0. Suppose -r*f = -1483 - 1087. Suppose -f = -4*u + 2*u. Is u composite?
False
Suppose 3*b + 6622 = -4*t + 4*b, -3*t - 3*b = 4974. Let j = -129 - t. Is j a composite number?
True
Let b be (4/(-5))/(19/95). Let z(g) be the first derivative of -159*g**2/2 + 5*g + 1. Is z(b) prime?
True
Suppose -3*a + a = -2*u + 8, -u + 4 = a. Suppose a*m - 2*m = -2630. Is m a composite number?
True
Let k be (-1)/(-2) - (-14091)/22. Let q = k - 232. Is q a composite number?
False
Let i(r) = 1296*r**2 + 2*r + 1. Let g be i(-1). Suppose -3*d + g = 2*d. Is d composite?
True
Let x(n) = n**3 - 2*n**2 + 4*n - 3. Let d be x(2). Suppose d*a + 4 - 289 = 0. Suppose 2*b - a = -b. Is b composite?
False
Let m(x) = 8*x**2 - 18*x + 16. Let g be m(15). Let l = -1075 + g. Is l prime?
False
Suppose -h = -379 - 362. Suppose 0 = 3*t + v - 0*v + 743, -3*v - h = 3*t. Let r = -169 - t. Is r prime?
True
Let w be 0 + -1 + (5 - -2041). Let l be (-3)/(((-27)/(-6))/(-3)). Suppose -2539 = -5*u - 2*z, -4*u + l*z + z + w = 0. Is u a prime number?
True
Let n be (10 - 5) + -1*1. Suppose -3*d + 777 = -0*p + 2*p, 0 = p - 3*d - 393. Is p + 0 + (5 - n) a composite number?
True
Let h(j) = -2*j**2 - 14*j - 17. Let u be h(-5). Suppose -u*w - w = -6044. Is w prime?
True
Suppose 3*i - 2060 = 5*q + 3651, 2*q = 5*i - 9531. Is i a prime number?
True
Is 19/((-247)/(-26)) - 53*-123 a prime number?
True
Suppose 0 = -y - 4*c - 3, 4*y - 3*c + 6*c - 1 = 0. Let l be y - -7 - (9 + -7). Let h(k) = 13*k + 7. Is h(l) prime?
False
Let r = -410 - -717. Is r prime?
True
Let c(d) = d**2 + 9*d + 8. Let x be -4 - 7 - (-6)/3. Let m be c(x). Is (-2)/m + 306/8 prime?
False
Let o(b) = 2*b + 26. Let y be o(-8). Suppose -r = 1 - 4. Let j = r + y. Is j composite?
False
Let g(s) = s - 1. Let p be g(-10). Let o be p - -120 - (1 + -5). Suppose q - 556 = -o. Is q composite?
False
Suppose 12*o = 13*o. Suppose 354 = 3*t - o*t. Is t a composite number?
True
Let p = -483 - -1502. Is p composite?
False
Let j(v) = -v**3 - 9*v**2 - 5*v + 9. Let g be j(-8). Let a = g + 11. Is (1/4)/(a/(-1264)) prime?
True
Is (-5)/(15/(-3))*(-5 + 4974) a prime number?
True
Let a(p) = p**2 - p + 1903. Let t be a(0). Let k(c) = 2*c - 20. Let n be k(20). Is t/5 + 8/n a prime number?
False
Let c(d) = 37*d**2 - d + 2. Let j be c(1). Is (-6 - -3) + 1*j a prime number?
False
Suppose -5*g - 11 = -4*j, g - 6*g - 3*j = 18. Is (g - -2)*1 + 88 prime?
False
Let y be (-22)/33*(-6)/(-4). Let w be (-1 - 2)*y + 2. Suppose -7*b = -w*b - 166. Is b a prime number?
True
Let x be 42/8 - 3/12. Suppose 10659 + 1934 = 3*h - x*b, b - 4203 = -h. Is h a composite number?
False
Let k(a) = -227*a + 231. Is k(-14) a prime number?
False
Let a = -1810 + 4019. Is a prime?
False
Let t(s) = -s**3 - 12*s**2 - 23*s - 25. Let a be t(-10). Suppose 0 = -d - v - 3*v + 113, 0 = -a*d - 5*v + 505. Is d prime?
True
Is 5 + (6 - 10) + 316 composite?
False
Let d be (-1)/((32/(-12))/8). Suppose -d*m + 7*m = 844. Is m composite?
False
Is (-64)/12 + 5 + 8360/15 prime?
True
Let o(h) = -10*h + 4*h - 12*h**3 - 30*h**3 + 5*h - 4*h**2 + 4. Is o(-2) prime?
False
Suppose 0 = 4*b + 5*n - 52, 5*n - 31 = -11. Is b/(-12)*(-222)/4 composite?
False
Let o(j) = -227*j**3 - 3*j**2 - 2*j. Let b be o(-1). Suppose -28*w + 27*w = -b. Is w composite?
True
Let m = -444 - -840. Let h = 583 - m. Is h prime?
False
Suppose 5*z = 2171 + 254. Is z a prime number?
False
Let q(o) = 2*o + 22. Let d be q(-11). Let y(r) be the third derivative of r**4/12 + 469*r**3/6 + r**2. Is y(d) a prime number?
False
Let o = 2905 + -1444. Is o a prime number?
False
Suppose -q - 3*p + 5918 = 0, 2*p + 29675 = 5*q - 0*p. Is q a prime number?
False
Suppose -4*u + 8*u = 0. Let h(q) = -q**3 - 2*q + 259. Is h(u) a prime number?
False
Let n = -1082 - -1572. Let v = -47 + n. Is v prime?
True
Is (-44)/(-77) + (21360/(-14))/(-4) prime?
False
Suppose -4 = b - 7. Suppose 2*a + 20 = 4*z, -a + 2*z - 10 = 4*a. Suppose a = b*d - 7 - 56. Is d a composite number?
True
Let p(b) = 35*b**2 - b - 5. Is p(-6) a prime number?
False
Let i(j) = j + 25 + 17*j - 6*j. Is i(11) a prime number?
True
Let f(d) = d**2 + 2*d - 7. Let s be f(3). Is s/16 + 1066/4 a composite number?
True
Suppose 3*m + 1 - 10 = 0. Suppose 0 = 2*h + h - 5*l + 15, 0 = -2*h + m*l - 9. Suppose -2*v + 69 + 25 = h. Is v prime?
True
Suppose 3*h = h. Suppose a - k - 1924 = -h*k, -a + 1930 = -3*k. Is a prime?
False
Let r = 55095 + 176128. Is r a composite number?
False
Suppose 2*r + 3531 + 800 = l, -4*l + 2*r + 17342 = 0. Is l a prime number?
True
Let l = 9 - 6. Let c be l*(-4)/(-12)*2. Suppose -c*u = -16 - 12. Is u prime?
False
Let n = 592 + -261. Is n a prime number?
True
Let g(t) = 29*t**2 + 6*t - 1. Let z(i) = 3*i**2 - 2*i - 1. Let o be z(-1). Is g(o) a prime number?
True
Suppose 23*j + 87440 = 28*j - 5*i, 4*j - 3*i - 69947 = 0. Is j a composite number?
False
Suppose 46 = -4*m - 18. Let z = 13 - m. Suppose f + 3*l - 75 - z = 0, 109 = f + 4*l. Is f prime?
True
Is ((-10471)/(-3))/(-2 + (-21)/(-9)) prime?
False
Suppose 3*p - 8*p - 175 = 0. Let u be (-12)/(-5) + 14/p. Is u/(-4) - 3690/(-12) a prime number?
True
Let a(l) = 166*l**2 - 4*l - 15. Let m be (264/(-220))/(6/20*1). Is a(m) a composite number?
False
Suppose -4*s + 11 + 1 = 0. Suppose -8*q = -s*q - 3155. Is q prime?
True
Let d(n) = 2*n**2 - 4*n + 2. Let w be d(2). Suppose -w*u = -5*u + 156. Let r = u + 35. Is r prime?
False
Let x be 6/(-3)*69/2. Let z = 4 + x. Let f = -28 - z. Is f prime?
True
Let o be (-16)/12*3 + 11. Suppose -o = -3*i - 1. Suppose -i*k + 67 + 103 = 0. Is k a composite number?
True
Suppose -7*k + 10*k = 132. Let o = 40 + -135. Let n = k - o. Is n a composite number?
False
Let o = -5752 - -8385. Is o prime?
True
Let s be 0/(3/1) - -221. Is (-26)/s + 376/17 a prime number?
False
Suppose -3*g + 23*a = 28*a - 4946, 0 = -g - a + 1652. Is g a composite number?
False
Let m = 358 - -1. Is m composite?
False
Let x be (6/(-8))/(1/4) + -1204. Let n = x + 1994. Is n prime?
True
Suppose -2*f + 2*a - 6 = 8, 4*f + 3*a - 7 = 0. Let m(n) = 2 + 2*n**2 - n**2 + n + n + 6*n**2. Is m(f) prime?
False
Let y(j) = -198*j + 11. Let l be y(-7). Let g = l - 336. Is g a composite number?
False
Let u(y) = 4*y**3 - 42*y**2 + 30*y - 9. Is u(38) prime?
False
Let i(h) = -130*h**2 - 2*h - 3. Let r(l) = 131*l**2 + 2*l + 3. Let y(t) = -5*i(t) - 4*r(t). Is y(-2) prime?
True
Suppose -154 = -64*y - 13*y. Let a be (-5853)/(-9) + (-4)/(-6). Suppose -d + a = y*d. Is d a composite number?
True
Let o(l) = -l**2 + 6*l - 2. Let k be o(4). Suppose -k*x = -5*x - 41. Let p = 42 + x. Is p prime?
True
Let i(j) = j**3 - 5*j**2 - 7*j + 9. Let s be i(6). Suppose 2*w + s - 33 = 0. Suppose -3*c = -276 + w. Is c a composite number?
True
Let z = -1432 - -3050. Is z composite?
True
Let f = 72510 - 50587. Is f composite?
True
Suppose -48 = -0*j + 4*j. Let g(w) = -5*w**3 + 15*w**2 - 28*w + 21. Let i(p) = -3*p**3 + 7*p**2 - 14*p + 11. Let h(s) = 4*g(s) - 7*i(s). Is h(j) prime?
True
Let b(n) = n**2 - 6*n + 8. Let j be b(6). Suppose -4*f + 8 = -2*m, 4*m + 0*f = 4*f + 4. Suppose 0 = -j*v + m*v + 114. Is v composite?
True
Let h(o) = 71*o**2 + 6*o - 11. Let u be h(8). Suppose 19687 = 3*f + 2*t, 3*f - 5*t + u = 24275. Is f a prime number?
True
Suppose 3901 = 5*j + 4*o, 3*j = -2*j + 2*o + 3907. Is j a composite number?
True
Suppose 80*c - 91*c = -35761. Is c composite?
False
Let y be (2 + -5)*2/(-3). Suppose 4*d = 5*k - 7053, y*d + 5 = 1. Is k composite?
False
Is (0 - 1)/(78/(-728286)) a composite number?
False
Suppose -4*f - 4 = -3*f, 3*f + 11 = m. Is (804/24)/(m/(-14)) prime?
False
Suppose 3547 = 4*i + 4*x - 9929, -4*i - x = -13464. Is i a composite number?
True
Suppose -14*r = -17*r + 5469. Is r a composite number?
False
Suppose -3950 = -33*z + 711589. Is z composite?
False
Suppose -52*c + 4755124 - 920592 = 0. Is c a prime number?
False
Is 13/(-52) - 4493/(-4) a prime number?
True
Suppose -5*c - 8 = -4*c. Is (-12)/9*-881 + c/12 prime?
False
Let r(g) = 5280*g**2 + 14*g + 1. Is r(3) a composite number?
False
Let i = -33349 + 71147. Is i composite?
True
Suppose -2*n + 268 = -4*j, 4*j + 164 = 3*n - 234. Let k = -109 + n. Is k a composite number?
True
Is (-4)/10 + (-95925)/(-125) a composite number?
True
Is -6*(-3)/2*101/3 prime?
False
Let o be ((76/3)/2)/((-22)/33). Let x(u) = -3*u. Is x(o) a 